/(6/(-3)). Suppose -2*u = -b, -5*c - u - 4*u + 1050 = 0. What is the hundreds digit of c?
2
What is the units digit of (-4 - 213/(-5))*(-5 - -160)?
3
Let c = -69 - -225. What is the hundreds digit of c?
1
Suppose -2*r - 2403 = -b, -3*b - 114*r + 116*r + 7205 = 0. What is the thousands digit of b?
2
What is the units digit of -5*(-4)/(60/2937)?
9
Suppose 14*d = 10*d + 16. Suppose -d*w - 6*a + 1192 = -9*a, 0 = 2*w + 2*a - 610. What is the hundreds digit of w?
3
Suppose -2*s - 3*s - 2*n + 2906 = 0, 0 = 2*n - 6. What is the hundreds digit of s?
5
Let w be 2/(-11) + 7300/(-22). Let d be w/16 - (-2)/(-8). What is the units digit of -2 - (d + (-2)/(-2))?
8
Let s = 12 - 14. Let p be (-105)/s + (-2)/(-4). Let l = 91 - p. What is the units digit of l?
8
Let o(c) be the third derivative of -c**5/60 - 7*c**4/24 - c**3/3 + 3*c**2. Let w be o(-6). What is the tens digit of -3 - (-51 - (0 + w))?
5
Let u = -1 - -8. Suppose -4*x - 10 + 22 = 0. Suppose -z + x = -u. What is the tens digit of z?
1
Suppose -7*p + 4*p = 6. Let t be (3/2)/(-3)*p. What is the tens digit of 14 + t - 0/(-1)?
1
Let t = -2 + -54. What is the units digit of (-1664)/t + 4/14?
0
Suppose -4*b + 2*b + 10 = 2*t, 3*b = 15. Suppose -3*j + v + 278 = t, -2*v - v + 12 = 0. What is the tens digit of j?
9
Suppose j - 10 + 30 = 5*v, -20 = -5*v - 5*j. Suppose -2*m = -4*m + 5*h - 74, 5*h - 47 = m. What is the tens digit of ((-18)/m)/(v/282)?
4
Let a(c) = 56*c**2 - 28*c + 61. What is the units digit of a(8)?
1
Suppose 6*o + 77 = 5*o. Let l = o + 157. What is the units digit of l?
0
Suppose -11115 = -4*m + 2321. What is the thousands digit of m?
3
Let p(o) = o**3 - 3*o**2 - 7*o - 3. Let n(l) = -2*l + 3. Let b be n(-1). What is the units digit of p(b)?
2
Let b(h) = -6*h + 29. Let n be b(10). Let v = 87 + n. What is the tens digit of v?
5
Let m(r) = 8*r**3 + r**2 - 11*r + 9. What is the units digit of m(4)?
3
Suppose 112 = -5*q + 2*g + 513, 5*q - 3*g = 399. Suppose q = -0*m + m. What is the units digit of m?
1
What is the thousands digit of 40475/(-30)*3*4/(-10)?
1
Let i(u) = u**2 - 8*u + 10. Let o be i(6). What is the hundreds digit of o/(-8) + (-1)/(-4)*439?
1
Suppose 6*f + 180 = f. Let v be (-296)/f - 6/27. What is the tens digit of (2 - v)*-3 - 3?
1
Let x be ((-2)/12)/(2/(-12)). What is the tens digit of (-5 - -2)*x + 35?
3
Let r(y) = 2*y**2 - 4*y - 10. Let b(i) = 1. Let p(u) = 12*b(u) + r(u). Let x be p(6). Let k = 74 - x. What is the tens digit of k?
2
Let b = -108 - -270. Suppose 5*l - b = 98. What is the units digit of l?
2
Suppose -3*l + 16 = l. Suppose -6 = -m + l. What is the units digit of m?
0
Let r(q) = q + 2190. What is the thousands digit of r(0)?
2
Let r be 2/1 - (7 - 11). Suppose -5*m = -189 - r. What is the units digit of m?
9
Let m(t) = 568*t + 12. What is the thousands digit of m(2)?
1
Suppose 4*v + 66 = 6*v. Suppose -2*z + 75 = -v. What is the tens digit of z?
5
Let n = -640 - -995. What is the hundreds digit of n?
3
Let s(l) = l**3 + 3*l**2 - l - 2. Let n be s(-2). Suppose -n*j + j = 270. What is the units digit of j/(-4)*(-68)/(-51)?
0
What is the thousands digit of 10*9/((-45)/(-2)) + 1228?
1
What is the units digit of (1071/3)/(-6*(-7)/28)?
8
Suppose 0 = -f - g + 2048, 9*f - 6*f - 6165 = 4*g. What is the tens digit of f?
5
Let o(k) = -8*k - 24. Let b be o(-3). Suppose b = -23*m + 16*m + 1036. What is the units digit of m?
8
Let p(z) = 17*z**3 + z**2 + 2*z - 2. Suppose 4 = 4*l - 4. What is the tens digit of p(l)?
4
Suppose 0*z - 3*z - 27 = 4*c, 3*c + 4*z = -15. What is the tens digit of 2375/45 - 2/c?
5
Suppose m = -5, -5*u - m + 0*m = -70. Let c = 15 - u. Suppose -3*z = -4*q - c*q - 64, -4*q + 56 = 3*z. What is the tens digit of z?
2
Suppose 0 = -25*o + 40*o - 1845. What is the units digit of o?
3
Let w(p) = -116*p + 9. What is the units digit of w(-1)?
5
Let o = -124 - -69. What is the hundreds digit of o/(-10)*6*(-10)/(-3)?
1
What is the hundreds digit of ((-2009)/(-6) - 3) + (-5)/(-30)?
3
Suppose -5*y + 33 = -f + 7, 4*y + 4*f - 16 = 0. Suppose 279 = y*b - 4*k + 2*k, -2*k = -2*b + 114. What is the tens digit of b?
5
Suppose 2*s - 11*s + 14094 = 0. What is the thousands digit of s?
1
Suppose 0 = 4*c + 5*j - 35, 0 = 6*c - c + 4*j - 55. Suppose 21 = c*y - 12*y. Suppose -y*a + 108 = -a. What is the tens digit of a?
1
Suppose -2*f + 93 = -21. Let n(x) = x. Let b be n(3). Suppose 30 = t + 5*h - 9, -b*h = 2*t - f. What is the units digit of t?
4
Let v(o) = 2*o - 13. Let z be v(5). What is the units digit of 23/7 + z + 901/7?
9
Let l = -143 + 566. What is the hundreds digit of l?
4
Suppose -17*s + 5*s + 336 = 0. Suppose 0 = -2*h + 2*z + s, -4*z = -6 - 2. What is the tens digit of h?
1
Suppose -3*t - 2*w = 3 - 118, -31 = -t + 3*w. Let a be (6/((-2)/1 + 0))/(-1). Suppose a*b = 46 - t. What is the units digit of b?
3
Suppose 4168*n = 4178*n - 11360. What is the thousands digit of n?
1
Suppose -4089 - 2055 = -12*l. What is the units digit of l?
2
Let c = -14 - -17. Let l be (48/4)/c - 2. Suppose 5*z + 3*s = -4, -l*s - 1 = 8*z - 3*z. What is the units digit of z?
1
Suppose f = -t + 14, -t + f - 4*f + 4 = 0. Let j = -13 + t. Suppose -5*z + 182 = -3*a, -2*z + j*z = -5*a + 116. What is the tens digit of z?
3
Let m(w) = -6*w - 29. Let j(a) = -2*a - 10. Let d(v) = 11*j(v) - 4*m(v). What is the tens digit of d(13)?
3
Let a(w) = 15*w - 68. Suppose -5*x = -8*x + 72. What is the units digit of a(x)?
2
Let t = -2010 - -4449. What is the units digit of t?
9
Suppose 0 = -4*g + j + 559, -g + 432 = 2*g - 5*j. Suppose 0 = -5*n + g + 36. What is the tens digit of n?
3
Let d = -1933 + 4699. What is the tens digit of d?
6
Let w be (-12 - 5)*(2 - 0). Let s = -48 - w. Let j(y) = -y**2 - 17*y. What is the units digit of j(s)?
2
Let i = 252 + 957. What is the hundreds digit of 3/12 + i/12?
1
Let m = 110 - -763. What is the units digit of m?
3
Let d(h) = -h**3 + 5*h**2 - 4*h + 4. Let m be d(4). Let j(r) = r**2 + 8*r + 7. Let i be j(-7). Suppose i = -0*t - m*t + 92. What is the tens digit of t?
2
Let v = 3 - -1. Suppose -5*j - 45 = -m, -v*m - 4*j + 70 = -2*j. Suppose 3*z - 2*z - m = 0. What is the units digit of z?
0
Let u(y) be the third derivative of y**6/120 + y**5/6 + y**4/4 - 13*y**3/6 + 9*y**2. What is the tens digit of u(-7)?
9
Suppose 3*w - 29 = -2*l, 54 = 5*l + w + 14. Suppose 566 = l*t - 463. What is the tens digit of t?
4
Suppose 0*a - a = 0. Suppose 390 = 4*n + v, n = -a*v + 3*v + 104. What is the units digit of n?
8
Suppose 0 = -3*p + 6. Suppose -k = -5*a + 7, -a - 3*a - 3*k = p. What is the units digit of a?
1
Let o(j) = 9*j - 9. Let u(i) = 44*i - 44. Let g(s) = -16*o(s) + 3*u(s). What is the tens digit of g(-5)?
7
What is the units digit of (182/28)/(1/732)?
8
Let g = -25 - -25. Suppose 96 = -g*f + 4*f. Let z = f + -11. What is the tens digit of z?
1
Let r = -20 - -27. Let y(u) = u**2 - 2*u - 17. What is the units digit of y(r)?
8
Let p(a) = -511*a. What is the units digit of p(-1)?
1
What is the thousands digit of 10 + -4 + 1 - 0 - -4105?
4
Suppose -3*j = 4*d + 284, 0*j + 5*d + 475 = -5*j. Let h = 0 - 5. What is the units digit of j/(-5) + 1/h?
9
Let f(s) = -2*s**2 + 33*s + 12. Let m be f(17). What is the hundreds digit of -5*1744/(-40) + 1 + m?
2
Let p(n) = -1. Let t(u) = 4*u + 11. Let j(s) = 6*p(s) + t(s). What is the tens digit of j(7)?
3
Suppose 8*q - 5115 = 16149. What is the thousands digit of q?
2
Let o(l) = 6*l - 2. Let y be o(1). What is the tens digit of -8*(16/y)/(-1)?
3
Suppose 2*i = 2 - 8, -805 = -a + 3*i. What is the hundreds digit of ((-4)/3)/(-1 + a/804)?
1
Suppose g - 1442 = -x, -2*x = -5*x + 4*g + 4319. What is the units digit of x?
1
Let x(k) = -24*k - 1. Let d be x(-3). Let c = -26 + d. What is the units digit of c?
5
Let x(q) = -74*q**3 + q**2 - q - 1. Let j(d) = -2*d + 1. Let k be j(1). What is the units digit of x(k)?
5
Suppose v - 5*h + 2*h - 277 = 0, -v + 5*h + 283 = 0. What is the units digit of v?
8
Let c(w) be the second derivative of -w**7/840 - w**5/40 - w**4/24 - w**3/2 + 8*w. Let n(h) be the second derivative of c(h). What is the tens digit of n(-2)?
1
Suppose -9*s + 13*s = 12220. What is the hundreds digit of s?
0
Let f(r) = r**3 - 5*r**2 + 2*r - 2. Let n be f(3). Let q = 209 + -274. Let m = n - q. What is the tens digit of m?
5
What is the units digit of -5 + 4 